{"id":238,"date":"2018-05-04T16:36:29","date_gmt":"2018-05-04T13:36:29","guid":{"rendered":"http:\/\/nayttelyt.arshame.com\/emmeolleetyksi\/?page_id=238"},"modified":"2018-06-14T13:19:10","modified_gmt":"2018-06-14T10:19:10","slug":"karhu-mika","status":"publish","type":"page","link":"https:\/\/nayttelyt.arshame.com\/emmeolleetyksi\/karhu-mika\/","title":{"rendered":"Karhu Mika"},"content":{"rendered":"<p style=\"text-align: center;\"><em>Me kuuntelemme uskomuksiasi ja katoamme.<\/em><br \/>\n<em>Stigmat veress\u00e4mme.<\/em><br \/>\n<em>Emmek\u00e4 oppi.<\/em><\/p>\n<p style=\"text-align: center;\"><em>Tuolla, jaloissa, tuskassa,<\/em><br \/>\n<em>jonka jouduitte kokemaan.<\/em><\/p>\n<p style=\"text-align: center;\"><em>Meiss\u00e4 ja toisella puolella.<\/em><br \/>\n<em>Yksin\u00e4isyyteen kuolevana.<\/em><\/p>\n<p style=\"text-align: center;\"><em>Utopiamme loppu, koska halusimme yksin sinut.<\/em><br \/>\n<em>Tuoksuvana kukkana ihomme sis\u00e4ll\u00e4<\/em><br \/>\n<em>ja olemme juurakko menneisyydest\u00e4.<\/em><\/p>\n<p style=\"text-align: center;\"><em>Tasapainottomien ihmisten historia<\/em><br \/>\n<em>kasvattaa tasapainottomia.<\/em><\/p>\n<p style=\"text-align: center;\"><em>Loputonta ja yksin\u00e4ist\u00e4 ymm\u00e4rt\u00e4m\u00e4tt\u00f6myytt\u00e4.<\/em><\/p>\n<p style=\"text-align: center;\">Mika Karhu 8.2.2018<\/p>\n<hr \/>\n<p><strong>Mika Karhu<\/strong> (s.1969 Joensuu) on taiteen tohtori, kuvataiteilija, tutkija ja kuraattori, joka ty\u00f6skentelee Aalto- yliopistossa tutkijatohtorina ja opettajana. Karhu tarkastelee taidetta v\u00e4lineen\u00e4 kommunikoida sosiaalisessa maailmassa ja my\u00f6s v\u00e4itteli samasta aiheesta Aalto-yliopistossa syksyll\u00e4 2013. H\u00e4n on kuratoinut useita n\u00e4yttelyit\u00e4 Suomessa ja ulkomailla. Ansioistaan kuvataiteilijana h\u00e4nelle my\u00f6nnettiin mm. William Thuring -nimikkopalkinto vuonna 2008 ja vuonna 2009 h\u00e4n oli Ars-Fennica palkintoehdokkaana. H\u00e4nen teoksiaan l\u00f6ytyy Suomen keskeisimmist\u00e4 kokoelmista. Karhu on aktiivinen kansainv\u00e4linen toimija, joka pyrkii taiteen avulla lis\u00e4\u00e4m\u00e4\u00e4n kriittist\u00e4 vuoropuhelua ihmisten v\u00e4lill\u00e4. H\u00e4n on mm. ollut perustamassa ja on edelleen aktiivisena toimijana mukana Galerie Toolboxissa, joka on suomalais-saksalainen voittoa tavoittelematon taidetila ja yhteisty\u00f6projekti Berliinin Kolonie Weddingiss\u00e4. Karhu toimii taiteellisena johtajana Tunnustuksia-hankkeessa, jossa taiteen ja humanistisen tutkimuksen kautta k\u00e4sitell\u00e4\u00e4n pakolaisuutta ja sotatraumojen vaikutusta suomalaisessa kulttuurissa.<\/p>\n<p align=\"LEFT\"><a href=\"http:\/\/www.mikakarhu.com\" target=\"_blank\" rel=\"noopener\"><span lang=\"fi-FI\">www.mikakarhu.com<\/span><\/a><\/p>\n<figure id=\"attachment_1054\" aria-describedby=\"caption-attachment-1054\" style=\"width: 1024px\" class=\"wp-caption alignnone\"><a href=\"https:\/\/nayttelyt.arshame.com\/emmeolleetyksi\/wp-content\/uploads\/2018\/06\/karhu_tuohihornet.jpg\" target=\"_blank\" rel=\"noopener\"><img loading=\"lazy\" decoding=\"async\" class=\"wp-image-1054 size-large\" src=\"https:\/\/nayttelyt.arshame.com\/emmeolleetyksi\/wp-content\/uploads\/2018\/06\/karhu_tuohihornet-1024x512.jpg\" alt=\"\" width=\"1024\" height=\"512\" srcset=\"https:\/\/nayttelyt.arshame.com\/emmeolleetyksi\/wp-content\/uploads\/2018\/06\/karhu_tuohihornet.jpg 1024w, https:\/\/nayttelyt.arshame.com\/emmeolleetyksi\/wp-content\/uploads\/2018\/06\/karhu_tuohihornet-300x150.jpg 300w, https:\/\/nayttelyt.arshame.com\/emmeolleetyksi\/wp-content\/uploads\/2018\/06\/karhu_tuohihornet-768x384.jpg 768w, https:\/\/nayttelyt.arshame.com\/emmeolleetyksi\/wp-content\/uploads\/2018\/06\/karhu_tuohihornet-1000x500.jpg 1000w\" sizes=\"auto, (max-width: 1024px) 100vw, 1024px\" \/><\/a><figcaption id=\"caption-attachment-1054\" class=\"wp-caption-text\"><strong>Tuohihornet<\/strong><\/figcaption><\/figure>\n","protected":false},"excerpt":{"rendered":"<p>Me kuuntelemme uskomuksiasi ja katoamme. Stigmat veress\u00e4mme. Emmek\u00e4 oppi. Tuolla, jaloissa, tuskassa, jonka jouduitte kokemaan. Meiss\u00e4 ja toisella puolella. Yksin\u00e4isyyteen kuolevana. Utopiamme loppu, koska halusimme yksin sinut. Tuoksuvana kukkana ihomme <a href=\"https:\/\/nayttelyt.arshame.com\/emmeolleetyksi\/karhu-mika\/\" class=\"more-link\">[&hellip;]<\/a><\/p>\n","protected":false},"author":1,"featured_media":769,"parent":0,"menu_order":0,"comment_status":"closed","ping_status":"closed","template":"","meta":{"Layout":"","footnotes":""},"class_list":["entry","author-emmeolleetyksi","post-238","page","type-page","status-publish","has-post-thumbnail"],"_links":{"self":[{"href":"https:\/\/nayttelyt.arshame.com\/emmeolleetyksi\/wp-json\/wp\/v2\/pages\/238","targetHints":{"allow":["GET"]}}],"collection":[{"href":"https:\/\/nayttelyt.arshame.com\/emmeolleetyksi\/wp-json\/wp\/v2\/pages"}],"about":[{"href":"https:\/\/nayttelyt.arshame.com\/emmeolleetyksi\/wp-json\/wp\/v2\/types\/page"}],"author":[{"embeddable":true,"href":"https:\/\/nayttelyt.arshame.com\/emmeolleetyksi\/wp-json\/wp\/v2\/users\/1"}],"replies":[{"embeddable":true,"href":"https:\/\/nayttelyt.arshame.com\/emmeolleetyksi\/wp-json\/wp\/v2\/comments?post=238"}],"version-history":[{"count":12,"href":"https:\/\/nayttelyt.arshame.com\/emmeolleetyksi\/wp-json\/wp\/v2\/pages\/238\/revisions"}],"predecessor-version":[{"id":1055,"href":"https:\/\/nayttelyt.arshame.com\/emmeolleetyksi\/wp-json\/wp\/v2\/pages\/238\/revisions\/1055"}],"wp:featuredmedia":[{"embeddable":true,"href":"https:\/\/nayttelyt.arshame.com\/emmeolleetyksi\/wp-json\/wp\/v2\/media\/769"}],"wp:attachment":[{"href":"https:\/\/nayttelyt.arshame.com\/emmeolleetyksi\/wp-json\/wp\/v2\/media?parent=238"}],"curies":[{"name":"wp","href":"https:\/\/api.w.org\/{rel}","templated":true}]}}