{"id":243,"date":"2018-05-04T16:36:48","date_gmt":"2018-05-04T13:36:48","guid":{"rendered":"http:\/\/nayttelyt.arshame.com\/emmeolleetyksi\/?page_id=243"},"modified":"2018-06-14T13:23:43","modified_gmt":"2018-06-14T10:23:43","slug":"kolehmainen-anna","status":"publish","type":"page","link":"https:\/\/nayttelyt.arshame.com\/emmeolleetyksi\/kolehmainen-anna\/","title":{"rendered":"Kolehmainen Anna"},"content":{"rendered":"<p><em>Emme olleet yksi -n\u00e4yttelyss\u00e4 olevien teosteni tematiikka rakentuu vihan ja viisauden, raivon ja rauhan v\u00e4lisen dynamiikan ymp\u00e4rille. Olen kiinnostunut pahan ulkoistamisen mekanismeista. Sota-ajan tapahtumia tutkittaessa sosiologit (mm. Hannah Arendt, Zygmunt Bauman,) ovat todenneet, ett\u00e4 kuka tahansa meist\u00e4 voi olla kykenev\u00e4 mit\u00e4 k\u00e4sitt\u00e4m\u00e4tt\u00f6mimpiin tekoihin tiettyjen olosuhteiden vallitessa, ja esivallan niin k\u00e4skiess\u00e4. Kansalaissodan tapahtumat ovat olleet pitk\u00e4\u00e4n vaiettuja. H\u00e4pe\u00e4 ja kollektiivien traumatisoituminen ovat johtaneet vaikenemisen kulttuuriin, joka on tuttua my\u00f6s maailmansodanj\u00e4lkeisille sukupolville. Puhumattomuuden vahingollinen kaava periytyy my\u00f6s j\u00e4lkipolville. Mutta kuinka muuten hoitaa henkist\u00e4 arpikudosta, kuin k\u00e4sittelem\u00e4ll\u00e4 kipe\u00e4\u00e4 asiaa joko puhumalla tai taiteen keinoin?<\/em><\/p>\n<p><em>Traumaterapian mukaan trauman alkul\u00e4hteelle on palattava aina uudelleen ja uudelleen, saadaksensa vahingoittavan menneisyyden tapahtuman hallintaan. Asiaa k\u00e4sittelem\u00e4ll\u00e4 on mahdollista vapautua k\u00e4rsimyksest\u00e4. Ymm\u00e4rryst\u00e4 lis\u00e4\u00e4v\u00e4, tuettu asian ty\u00f6st\u00e4minen johdattelee pois ahdingosta. Muussa tapauksessa hallintaa pyrkimisen ratkaisuna on vakivallantekij\u00e4n roolin ottaminen itselleen. T\u00e4ll\u00f6in kostonkierre on loputon.<\/em><\/p>\n<p><em>Olen itse vakuuttunut yksil\u00f6n kyvyst\u00e4 tiedostaa omat haitalliset motiivinsa, ja sen my\u00f6t\u00e4 torjua tiedostamattoman vihan vaikutusta itseens\u00e4 ja ymp\u00e4rist\u00f6\u00f6ns\u00e4. Se paha jonka haluamme n\u00e4hd\u00e4 toisissa onkin osittain my\u00f6s itsess\u00e4mme. Mit\u00e4 muuta voisimme tehd\u00e4 kuin ty\u00f6st\u00e4\u00e4 omia uhkaavia taipumuksiamme, tulemalla niist\u00e4 tietoisemmiksi, ja ravitsemalla rakentavaa ja rauhanomaista puolta itsess\u00e4mme?<\/em><\/p>\n<p><em>Teoksissani t\u00e4t\u00e4 tematiikkaa edustavat kaksi elementti\u00e4. Tummat ja raskaat py\u00f6re\u00e4t muodot edustavat tiedostamatonta varjoamme. Ne h\u00e4ilyv\u00e4t kuvan alaosassa syvyyspommien kaltaisina arvaamattomasti aktivoituvina elementtein\u00e4. Valoisat kristallinkaltaiset muodot symboloivat henkisen ty\u00f6skentelyn tuloksia, tietoista ja rauhallista mielt\u00e4. Meiss\u00e4 on monenlaisia kaavoja, sek\u00e4 v\u00e4kivallan ett\u00e4 my\u00f6t\u00e4tunnon mekanismeja. Mitk\u00e4 n\u00e4ist\u00e4 kaavoistamme aktivoituvat on yhteydess\u00e4 niiden voimakkuuteen. Siksi on t\u00e4rke\u00e4\u00e4 vahvistaa mielenrauhaa itsess\u00e4\u00e4n ja muissa. My\u00f6t\u00e4tunto, toisen elollisen olennon aseman ymm\u00e4rt\u00e4minen, ja sitoutuminen v\u00e4kivallattomuuteen ovat t\u00e4rke\u00e4 ihmisyyden taito. Mit\u00e4 me olisimme ilman sit\u00e4?<\/em><\/p>\n<p><em>Vastuullamme on pysy\u00e4 tietoisina historian tapahtumista, oppia niist\u00e4, jottemme tiedostamattamme toistaisi menneisyyden vahingollisia kaavoja.<\/em><\/p>\n<p>Kuvataiteilija, taidegraafikko <strong>Anna Kolehmainen<\/strong> (s.1982 Helsinki) asuu ja ty\u00f6skentelee H\u00e4meenlinnassa.<\/p>\n<p>Lis\u00e4tietoja: <a href=\"http:\/\/www.kuvataiteilijamatrikkeli.fi\" target=\"_blank\" rel=\"noopener\">www.kuvataiteilijamatrikkeli.fi<\/a><\/p>\n<figure id=\"attachment_1057\" aria-describedby=\"caption-attachment-1057\" style=\"width: 1024px\" class=\"wp-caption alignnone\"><a href=\"https:\/\/nayttelyt.arshame.com\/emmeolleetyksi\/wp-content\/uploads\/2018\/06\/Kolehmainen_luonnos.jpg\" target=\"_blank\" rel=\"noopener\"><img loading=\"lazy\" decoding=\"async\" class=\"wp-image-1057 size-large\" src=\"https:\/\/nayttelyt.arshame.com\/emmeolleetyksi\/wp-content\/uploads\/2018\/06\/Kolehmainen_luonnos-1024x753.jpg\" alt=\"\" width=\"1024\" height=\"753\" srcset=\"https:\/\/nayttelyt.arshame.com\/emmeolleetyksi\/wp-content\/uploads\/2018\/06\/Kolehmainen_luonnos-1024x753.jpg 1024w, https:\/\/nayttelyt.arshame.com\/emmeolleetyksi\/wp-content\/uploads\/2018\/06\/Kolehmainen_luonnos-300x221.jpg 300w, https:\/\/nayttelyt.arshame.com\/emmeolleetyksi\/wp-content\/uploads\/2018\/06\/Kolehmainen_luonnos-768x565.jpg 768w, https:\/\/nayttelyt.arshame.com\/emmeolleetyksi\/wp-content\/uploads\/2018\/06\/Kolehmainen_luonnos-680x500.jpg 680w, https:\/\/nayttelyt.arshame.com\/emmeolleetyksi\/wp-content\/uploads\/2018\/06\/Kolehmainen_luonnos.jpg 1500w\" sizes=\"auto, (max-width: 1024px) 100vw, 1024px\" \/><\/a><figcaption id=\"caption-attachment-1057\" class=\"wp-caption-text\"><strong>Luonnos<\/strong><\/figcaption><\/figure>\n","protected":false},"excerpt":{"rendered":"<p>Emme olleet yksi -n\u00e4yttelyss\u00e4 olevien teosteni tematiikka rakentuu vihan ja viisauden, raivon ja rauhan v\u00e4lisen dynamiikan ymp\u00e4rille. Olen kiinnostunut pahan ulkoistamisen mekanismeista. Sota-ajan tapahtumia tutkittaessa sosiologit (mm. Hannah Arendt, Zygmunt <a href=\"https:\/\/nayttelyt.arshame.com\/emmeolleetyksi\/kolehmainen-anna\/\" class=\"more-link\">[&hellip;]<\/a><\/p>\n","protected":false},"author":1,"featured_media":775,"parent":0,"menu_order":0,"comment_status":"closed","ping_status":"closed","template":"","meta":{"Layout":"","footnotes":""},"class_list":["entry","author-emmeolleetyksi","post-243","page","type-page","status-publish","has-post-thumbnail"],"_links":{"self":[{"href":"https:\/\/nayttelyt.arshame.com\/emmeolleetyksi\/wp-json\/wp\/v2\/pages\/243","targetHints":{"allow":["GET"]}}],"collection":[{"href":"https:\/\/nayttelyt.arshame.com\/emmeolleetyksi\/wp-json\/wp\/v2\/pages"}],"about":[{"href":"https:\/\/nayttelyt.arshame.com\/emmeolleetyksi\/wp-json\/wp\/v2\/types\/page"}],"author":[{"embeddable":true,"href":"https:\/\/nayttelyt.arshame.com\/emmeolleetyksi\/wp-json\/wp\/v2\/users\/1"}],"replies":[{"embeddable":true,"href":"https:\/\/nayttelyt.arshame.com\/emmeolleetyksi\/wp-json\/wp\/v2\/comments?post=243"}],"version-history":[{"count":4,"href":"https:\/\/nayttelyt.arshame.com\/emmeolleetyksi\/wp-json\/wp\/v2\/pages\/243\/revisions"}],"predecessor-version":[{"id":1059,"href":"https:\/\/nayttelyt.arshame.com\/emmeolleetyksi\/wp-json\/wp\/v2\/pages\/243\/revisions\/1059"}],"wp:featuredmedia":[{"embeddable":true,"href":"https:\/\/nayttelyt.arshame.com\/emmeolleetyksi\/wp-json\/wp\/v2\/media\/775"}],"wp:attachment":[{"href":"https:\/\/nayttelyt.arshame.com\/emmeolleetyksi\/wp-json\/wp\/v2\/media?parent=243"}],"curies":[{"name":"wp","href":"https:\/\/api.w.org\/{rel}","templated":true}]}}