{"id":379,"date":"2020-02-29T12:53:04","date_gmt":"2020-02-29T12:53:04","guid":{"rendered":"https:\/\/nayttelyt.arshame.com\/kohtuus2020\/?page_id=379"},"modified":"2020-07-09T12:41:18","modified_gmt":"2020-07-09T12:41:18","slug":"yhteystiedot","status":"publish","type":"page","link":"https:\/\/nayttelyt.arshame.com\/kohtuus2020\/yhteystiedot\/","title":{"rendered":"Yhteystiedot"},"content":{"rendered":"<p><strong>N\u00e4yttely avoinna:<\/strong><br \/>\n27.6.\u201329.8.2020<br \/>\nti\u2013su 11.00\u201318.00<\/p>\n<p><strong>Kauppakeskus Linna sijaitsee osoitteessa:<\/strong><br \/>\n<a href=\"https:\/\/www.google.com\/maps\/place\/Kauppakeskus+Linna\/@60.9965365,24.4627562,15z\/data=!4m5!3m4!1s0x0:0x10659fb5f065ca98!8m2!3d60.9965365!4d24.4627562\" target=\"_blank\" rel=\"noopener noreferrer\">Raatihuoneenkatu 14<br \/>\n13100 H\u00e4meenlinna<\/a><\/p>\n<p><strong>Lis\u00e4tietoja Ars-H\u00e4me ry:<\/strong><br \/>\nVerkatehdas<br \/>\nPaasikiventie 2<br \/>\n13200 H\u00e4meenlinna<\/p>\n<p>toiminnanjohtaja<br \/>\nSirpa Taulu<br \/>\np. 040 451 1197<br \/>\ngalleriakone(at)gmail.com<\/p>\n<p>puheenjohtaja<br \/>\nMika Karhu<br \/>\nmikarhu(at)gmail.com<\/p>\n<hr \/>\n<p>N\u00e4yttelytilassa on kameravalvonta.<br \/>\n<a href=\"https:\/\/nayttelyt.arshame.com\/kohtuus2020\/wp-content\/uploads\/2020\/07\/Tietosuojaseloste_kameravalvonnasta.pdf\" target=\"_blank\" rel=\"noopener noreferrer\"><strong>Tietosuojaseloste kameravalvonnasta<\/strong><\/a><\/p>\n","protected":false},"excerpt":{"rendered":"<p>N\u00e4yttely avoinna: 27.6.\u201329.8.2020 ti\u2013su 11.00\u201318.00 Kauppakeskus Linna sijaitsee osoitteessa: Raatihuoneenkatu 14 13100 H\u00e4meenlinna Lis\u00e4tietoja Ars-H\u00e4me ry: Verkatehdas Paasikiventie 2 13200 H\u00e4meenlinna toiminnanjohtaja Sirpa Taulu p. 040 451 1197 galleriakone(at)gmail.com puheenjohtaja Mika Karhu mikarhu(at)gmail.com N\u00e4yttelytilassa on kameravalvonta. Tietosuojaseloste kameravalvonnasta<\/p>\n","protected":false},"author":1,"featured_media":0,"parent":0,"menu_order":0,"comment_status":"closed","ping_status":"closed","template":"","meta":{"footnotes":""},"class_list":["post-379","page","type-page","status-publish","hentry"],"translation":{"provider":"WPGlobus","version":"3.0.2","language":"fi","enabled_languages":["fi","en"],"languages":{"fi":{"title":true,"content":true,"excerpt":false},"en":{"title":true,"content":true,"excerpt":false}}},"_links":{"self":[{"href":"https:\/\/nayttelyt.arshame.com\/kohtuus2020\/wp-json\/wp\/v2\/pages\/379","targetHints":{"allow":["GET"]}}],"collection":[{"href":"https:\/\/nayttelyt.arshame.com\/kohtuus2020\/wp-json\/wp\/v2\/pages"}],"about":[{"href":"https:\/\/nayttelyt.arshame.com\/kohtuus2020\/wp-json\/wp\/v2\/types\/page"}],"author":[{"embeddable":true,"href":"https:\/\/nayttelyt.arshame.com\/kohtuus2020\/wp-json\/wp\/v2\/users\/1"}],"replies":[{"embeddable":true,"href":"https:\/\/nayttelyt.arshame.com\/kohtuus2020\/wp-json\/wp\/v2\/comments?post=379"}],"version-history":[{"count":21,"href":"https:\/\/nayttelyt.arshame.com\/kohtuus2020\/wp-json\/wp\/v2\/pages\/379\/revisions"}],"predecessor-version":[{"id":737,"href":"https:\/\/nayttelyt.arshame.com\/kohtuus2020\/wp-json\/wp\/v2\/pages\/379\/revisions\/737"}],"wp:attachment":[{"href":"https:\/\/nayttelyt.arshame.com\/kohtuus2020\/wp-json\/wp\/v2\/media?parent=379"}],"curies":[{"name":"wp","href":"https:\/\/api.w.org\/{rel}","templated":true}]}}