{"id":16,"date":"2022-05-24T13:59:10","date_gmt":"2022-05-24T11:59:10","guid":{"rendered":"https:\/\/nayttelyt.arshame.com\/nayttamo2022\/home\/"},"modified":"2022-08-26T15:19:34","modified_gmt":"2022-08-26T13:19:34","slug":"home","status":"publish","type":"page","link":"https:\/\/nayttelyt.arshame.com\/nayttamo2022\/","title":{"rendered":"Home"},"content":{"rendered":"\n\n\n\n<h3>KOMUGI ANDO \u2014 ELINA AUTIO \u2014 JESSE AVDEIKOV \u2014 SUSANNE GOTTBERG \u2014 MAIJA HELASVUO \u2014 ISMO HYV\u00c4RINEN \u2014 MARI ISOTALO \u2014 MIKA KARHU \u2014 VALTTERI KIVEL\u00c4 \u2014 JUKKA KORKEILA \u2014 LEENA KURSU \u2014 NIINA LAITONEN \u2014 TUIJA LAMPINEN \u2014 OLLI LARJO \u2014 JUHA LAURIKAINEN \u2014 JEMINA LINDHOLM &amp; KAURA RAUDASKOSKI \u2014 KATJA LUOTO \u2014 TIINA NEVALAINEN \u2014 PILVI OJALA \u2014 PAULA OLLIKAINEN \u2014 KATRI STENBERG \u2014 SAIMI SUIKKANEN \u2014 EEVA-KAISA TAKALA \u2014 ANNE TAMMINEN \u2014 KARI VEHOSALO \u2014 JARNO VESALA \u2014 HANNA VIHRI\u00c4L\u00c4<\/h3>\n<h4>KURAATTORIT: TaM, valokuvataiteilija Aino Kannisto ja TaM, kuvataiteilija Salla Laurinolli<\/h3>\n\n<h3>TAITEIDEN Y\u00d6N\u00c4 PE 26.8. AVOINNA 15-22<br>AVOINNA TI\u2014SU 11\u201418<br>\nVAPAA P\u00c4\u00c4SY<br><\/h3>\n<h4>H\u00e4meen L\u00e4\u00e4ninhallitus, Hallituskatu 16, 13100 H\u00e4meenlinna<br><a href=\"https:\/\/nayttelyt.arshame.com\/nayttamo2022\/wp-content\/uploads\/2022\/07\/Saavutettavuus.pdf\" target=\"_blank\" rel=\"noopener\">N\u00e4yttelyn Saavutettavuus<\/a><\/h4>\n\n\n\n\n\n\n\n\n\n\n\n\n\n\n\n\n\n\n\n\n","protected":false},"excerpt":{"rendered":"","protected":false},"author":0,"featured_media":0,"parent":0,"menu_order":0,"comment_status":"closed","ping_status":"closed","template":"","meta":{"pagelayer_contact_templates":[],"_pagelayer_content":"","footnotes":""},"class_list":["post-16","page","type-page","status-publish","hentry"],"_links":{"self":[{"href":"https:\/\/nayttelyt.arshame.com\/nayttamo2022\/wp-json\/wp\/v2\/pages\/16","targetHints":{"allow":["GET"]}}],"collection":[{"href":"https:\/\/nayttelyt.arshame.com\/nayttamo2022\/wp-json\/wp\/v2\/pages"}],"about":[{"href":"https:\/\/nayttelyt.arshame.com\/nayttamo2022\/wp-json\/wp\/v2\/types\/page"}],"replies":[{"embeddable":true,"href":"https:\/\/nayttelyt.arshame.com\/nayttamo2022\/wp-json\/wp\/v2\/comments?post=16"}],"version-history":[{"count":81,"href":"https:\/\/nayttelyt.arshame.com\/nayttamo2022\/wp-json\/wp\/v2\/pages\/16\/revisions"}],"predecessor-version":[{"id":524,"href":"https:\/\/nayttelyt.arshame.com\/nayttamo2022\/wp-json\/wp\/v2\/pages\/16\/revisions\/524"}],"wp:attachment":[{"href":"https:\/\/nayttelyt.arshame.com\/nayttamo2022\/wp-json\/wp\/v2\/media?parent=16"}],"curies":[{"name":"wp","href":"https:\/\/api.w.org\/{rel}","templated":true}]}}

<h3>KOMUGI ANDO — ELINA AUTIO — JESSE AVDEIKOV — SUSANNE GOTTBERG — MAIJA HELASVUO — ISMO HYVÄRINEN — MARI ISOTALO — MIKA KARHU — VALTTERI KIVELÄ — JUKKA KORKEILA — LEENA KURSU — NIINA LAITONEN — TUIJA LAMPINEN — OLLI LARJO — JUHA LAURIKAINEN — JEMINA LINDHOLM &amp; KAURA RAUDASKOSKI — KATJA LUOTO — TIINA NEVALAINEN — PILVI OJALA — PAULA OLLIKAINEN — KATRI STENBERG — SAIMI SUIKKANEN — EEVA-KAISA TAKALA — ANNE TAMMINEN — KARI VEHOSALO — JARNO VESALA — HANNA VIHRIÄLÄ</h3>
<h4>KURAATTORIT: TaM, valokuvataiteilija Aino Kannisto ja TaM, kuvataiteilija Salla Laurinolli</h3>

<h3>TAITEIDEN YÖNÄ PE 26.8. AVOINNA 15-22<br>AVOINNA TI—SU 11—18<br>
VAPAA PÄÄSY<br></h3>
<h4>Hämeen Lääninhallitus, Hallituskatu 16, 13100 Hämeenlinna<br><a href="https://nayttelyt.arshame.com/nayttamo2022/wp-content/uploads/2022/07/Saavutettavuus.pdf" target="_blank" rel="noopener">Näyttelyn Saavutettavuus</a></h4>
